{"id":2,"date":"2015-06-10T16:01:10","date_gmt":"2015-06-10T14:01:10","guid":{"rendered":"http:\/\/laboheim.ottensheim.at\/?page_id=2"},"modified":"2023-06-03T14:28:16","modified_gmt":"2023-06-03T12:28:16","slug":"beispiel-seite","status":"publish","type":"page","link":"https:\/\/laboheim.ottensheim.at\/?page_id=2","title":{"rendered":"Zum Kennenlernen&#8230;"},"content":{"rendered":"\n<p>Nein, wir stammen nicht aus Frankreich, auch wenn es sich zum Teil so anh\u00f6rt. Wir sind aufgewachsen und wohnhaft in Ottensheim, dabei offen f\u00fcr die Welt mit ihren unterschiedlichen Kulturen, Lebensweisen und Erfahrungen, die das Chanson zum Klingen bringt.<\/p>\n\n\n\n<p><em>Notre ensemble est un groupe de musiciens et de chanteurs qui aime la chanson fran\u00e7aise et faire d\u00e9couvrir, \u00e0 travers elle, la France et sa culture. Nous serions enchant\u00e9s de nous associer \u00e0 l&#8217;une ou l&#8217;autre de vos activit\u00e9s et vous pr\u00e9senter nos chansons accompagn\u00e9es au violoncelle, \u00e0 la fl\u00fbte, au piano ou \u00e0 l&#8217;accord\u00e9on. Pour plus de renseignements, n&#8217;h\u00e9sitez pas \u00e0 nous contacter aux coordonn\u00e9es indiqu\u00e9es ci-dessous.<\/em><\/p>\n\n\n\n<p><strong style=\"font-size: revert; color: initial;\">Kontakt:<\/strong><\/p>\n\n\n\n<p>Rudolf Liedl<br><a href=\"mailto:laboheim@ottensheim.at\">laboheim@ottensheim.at<\/a><br>Mobil: 0043 680 129 36 90<br>Folgen Sie uns auf <a href=\"http:\/\/instagram.com\/la_boheim\/\" target=\"_blank\" rel=\"noreferrer noopener\">Instagram<\/a> und <a href=\"https:\/\/www.youtube.com\/channel\/UCMWLSvspDnX4FxS9Qn7TsXQ\" target=\"_blank\" rel=\"noreferrer noopener\">Youtube<\/a><\/p>\n\n\n<p><img loading=\"lazy\" class=\"alignnone size-full wp-image-290\" src=\"http:\/\/laboheim.ottensheim.at\/wp-content\/uploads\/2019\/12\/La-Boheim-Gruppe-neu-1-web.jpg\" alt=\"\" width=\"604\" height=\"385\" srcset=\"https:\/\/laboheim.ottensheim.at\/wp-content\/uploads\/2019\/12\/La-Boheim-Gruppe-neu-1-web.jpg 604w, https:\/\/laboheim.ottensheim.at\/wp-content\/uploads\/2019\/12\/La-Boheim-Gruppe-neu-1-web-300x191.jpg 300w\" sizes=\"(max-width: 604px) 100vw, 604px\" \/><\/p>\n<p>Von links nach rechts:<\/p>\n<p style=\"padding-left: 30px;\"><b>Maria\u00a0<\/b>&#8211; <em>Cello<br \/><\/em><b>Iris\u00a0<\/b>&#8211; <em>Querfl\u00f6te<br \/><\/em><strong>Rudi\u00a0&#8211; <\/strong><em>Gesang, Akkordeon<\/em><strong><br \/>Elfi<\/strong> &#8211; <em>Gesang,\u00a0Daf<\/em><em><br \/><\/em><strong>Beno <\/strong><em>&#8211; Piano<\/em><\/p>","protected":false},"excerpt":{"rendered":"<p>Nein, wir stammen nicht aus Frankreich, auch wenn es sich zum Teil so anh\u00f6rt. Wir sind aufgewachsen und wohnhaft in Ottensheim, dabei offen f\u00fcr die Welt mit ihren unterschiedlichen Kulturen, Lebensweisen und Erfahrungen, die das Chanson zum Klingen bringt. Notre ensemble est un groupe de musiciens et de chanteurs qui aime la chanson fran\u00e7aise et &hellip; <a href=\"https:\/\/laboheim.ottensheim.at\/?page_id=2\" class=\"more-link\"><span class=\"screen-reader-text\">Zum Kennenlernen&#8230;<\/span> weiterlesen <span class=\"meta-nav\">&rarr;<\/span><\/a><\/p>\n","protected":false},"author":1,"featured_media":0,"parent":0,"menu_order":0,"comment_status":"open","ping_status":"open","template":"","meta":[],"_links":{"self":[{"href":"https:\/\/laboheim.ottensheim.at\/index.php?rest_route=\/wp\/v2\/pages\/2"}],"collection":[{"href":"https:\/\/laboheim.ottensheim.at\/index.php?rest_route=\/wp\/v2\/pages"}],"about":[{"href":"https:\/\/laboheim.ottensheim.at\/index.php?rest_route=\/wp\/v2\/types\/page"}],"author":[{"embeddable":true,"href":"https:\/\/laboheim.ottensheim.at\/index.php?rest_route=\/wp\/v2\/users\/1"}],"replies":[{"embeddable":true,"href":"https:\/\/laboheim.ottensheim.at\/index.php?rest_route=%2Fwp%2Fv2%2Fcomments&post=2"}],"version-history":[{"count":34,"href":"https:\/\/laboheim.ottensheim.at\/index.php?rest_route=\/wp\/v2\/pages\/2\/revisions"}],"predecessor-version":[{"id":487,"href":"https:\/\/laboheim.ottensheim.at\/index.php?rest_route=\/wp\/v2\/pages\/2\/revisions\/487"}],"wp:attachment":[{"href":"https:\/\/laboheim.ottensheim.at\/index.php?rest_route=%2Fwp%2Fv2%2Fmedia&parent=2"}],"curies":[{"name":"wp","href":"https:\/\/api.w.org\/{rel}","templated":true}]}}

<p>Nein, wir stammen nicht aus Frankreich, auch wenn es sich zum Teil so anhört. Wir sind aufgewachsen und wohnhaft in Ottensheim, dabei offen für die Welt mit ihren unterschiedlichen Kulturen, Lebensweisen und Erfahrungen, die das Chanson zum Klingen bringt.</p>



<p><em>Notre ensemble est un groupe de musiciens et de chanteurs qui aime la chanson française et faire découvrir, à travers elle, la France et sa culture. Nous serions enchantés de nous associer à l&#8217;une ou l&#8217;autre de vos activités et vous présenter nos chansons accompagnées au violoncelle, à la flûte, au piano ou à l&#8217;accordéon. Pour plus de renseignements, n&#8217;hésitez pas à nous contacter aux coordonnées indiquées ci-dessous.</em></p>



<p><strong style="font-size: revert; color: initial;">Kontakt:</strong></p>



<p>Rudolf Liedl<br><a href="mailto:laboheim@ottensheim.at">laboheim@ottensheim.at</a><br>Mobil: 0043 680 129 36 90<br>Folgen Sie uns auf <a href="http://instagram.com/la_boheim/" target="_blank" rel="noreferrer noopener">Instagram</a> und <a href="https://www.youtube.com/channel/UCMWLSvspDnX4FxS9Qn7TsXQ" target="_blank" rel="noreferrer noopener">Youtube</a></p>


<p><img loading="lazy" class="alignnone size-full wp-image-290" src="http://laboheim.ottensheim.at/wp-content/uploads/2019/12/La-Boheim-Gruppe-neu-1-web.jpg" alt="" width="604" height="385" srcset="https://laboheim.ottensheim.at/wp-content/uploads/2019/12/La-Boheim-Gruppe-neu-1-web.jpg 604w, https://laboheim.ottensheim.at/wp-content/uploads/2019/12/La-Boheim-Gruppe-neu-1-web-300x191.jpg 300w" sizes="(max-width: 604px) 100vw, 604px" /></p>
<p>Von links nach rechts:</p>
<p style="padding-left: 30px;"><b>Maria </b>&#8211; <em>Cello<br /></em><b>Iris </b>&#8211; <em>Querflöte<br /></em><strong>Rudi &#8211; </strong><em>Gesang, Akkordeon</em><strong><br />Elfi</strong> &#8211; <em>Gesang, Daf</em><em><br /></em><strong>Beno </strong><em>&#8211; Piano</em></p>

<p>Nein, wir stammen nicht aus Frankreich, auch wenn es sich zum Teil so anhört. Wir sind aufgewachsen und wohnhaft in Ottensheim, dabei offen für die Welt mit ihren unterschiedlichen Kulturen, Lebensweisen und Erfahrungen, die das Chanson zum Klingen bringt. Notre ensemble est un groupe de musiciens et de chanteurs qui aime la chanson française et &hellip; <a href="https://laboheim.ottensheim.at/?page_id=2" class="more-link"><span class="screen-reader-text">Zum Kennenlernen&#8230;</span> weiterlesen <span class="meta-nav">&rarr;</span></a></p>
